 -7 + 3. Let t = -2 - l. Suppose -5*c - 2*o - o = -25, -4*o - 10 = -t*c. List the prime factors of c.
5
Let z(k) = -4*k + 128. List the prime factors of z(-14).
2, 23
Suppose -3 = -k, -5*g + 2*g = -5*k - 273. Let q = g - 59. What are the prime factors of q?
37
Let q(b) = -b**2 - 2*b + 6. Let a be q(6). Let p = -22 - a. List the prime factors of p.
2, 5
Let c(b) = -b**2 - 7*b + 6. Let j be c(-8). What are the prime factors of (-4)/j - (-7)/1?
3
Let o(p) = 2*p - 4. Let n be o(3). Suppose -19 + 3 = -n*c. Let q(x) = 2*x - 12. What are the prime factors of q(c)?
2
Suppose -7*y + 142 = -96. List the prime factors of y.
2, 17
Let o be ((-1)/2)/(5/(-510)). Let f = 76 - o. What are the prime factors of f?
5
Suppose -l - 5*t = -0*l + 15, -5*t - 55 = -3*l. What are the prime factors of (14*l/(-4))/(-1)?
5, 7
Suppose -6*s = -481 - 461. What are the prime factors of s?
157
Suppose 3*g - 817 = -5*k, -4*g - 95 = -k + 50. What are the prime factors of k?
7, 23
Let f = -8 + 9. Let u(o) = 58*o**3 - o**2 + 2*o - 1. List the prime factors of u(f).
2, 29
Let o = 11 + -5. List the prime factors of 2/4*o - -13.
2
Let u(v) = -v**2 - 5*v + 2. Let i be u(-5). Let s be 39/18 - i/12. List the prime factors of s/(((-16)/(-26))/4).
13
Suppose -5*g - 3*v - v + 40 = 0, -v + 1 = -g. Suppose t = -2*m + g*t + 40, 5*m - t - 74 = 0. What are the prime factors of m?
2, 7
Let i be (-2)/(-4) - 7/(-2). List the prime factors of 10/(-2*(-2)/i).
2, 5
What are the prime factors of 328/12*(-3)/(-2)?
41
What are the prime factors of (1432/36 - 4/(-18)) + 0?
2, 5
Let s = 18 + -6. List the prime factors of s.
2, 3
Let z(b) be the second derivative of b**5/20 - 7*b**4/12 - b**3/2 - b**2/2 + 3*b. Let w be z(7). Let h = -12 - w. What are the prime factors of h?
2, 5
Let k be (-4 - -3)/(2/(-4)). Suppose -5 + 2 = -b, 0 = -4*f - k*b + 22. Suppose 2*j - 2*p + 10 - 30 = 0, j + f*p = 20. List the prime factors of j.
2, 3
Let t(z) = -z + 4. List the prime factors of t(-3).
7
Suppose w - 10 = -w + 4*l, 0 = 5*w + 2*l - 73. Suppose -5*d - 2*q = -w - 24, 0 = -2*q - 8. Let c = 15 - d. List the prime factors of c.
2, 3
Let b(h) = h**3 + h**2 - 3*h + 1. Let l(d) = d**2 + 5. Let k be l(0). Suppose -k*z + 12 = v - 2*v, 0 = -4*z - 5*v - 2. What are the prime factors of b(z)?
7
Suppose -216 = 109*p - 115*p. List the prime factors of p.
2, 3
Let d(n) = 9*n**2 - 11*n. What are the prime factors of d(5)?
2, 5, 17
Let l(s) = 2*s - 3. Let m be l(2). Suppose a + m = -0. What are the prime factors of a*3*(-2 + 1)?
3
List the prime factors of 2/8 - ((-518)/8 - 4).
3, 23
Let p be 2*(-2)/4 + 2. What are the prime factors of -1*((0 - 34) + p)?
3, 11
Suppose 7*d = 2*d + 140. Suppose b = -i + 22, -5 = -b - 0*b. Let w = d - i. List the prime factors of w.
11
Suppose -p - 2*i + 327 = -i, 4*p - 1300 = 4*i. What are the prime factors of p?
2, 163
Let h(n) = n + 5. Let x be 6/(-2)*2*-1. Let k = x - -1. What are the prime factors of h(k)?
2, 3
Suppose 3*z - 497 = 223. List the prime factors of z.
2, 3, 5
Let h(q) = -2*q**3 - q + 90. What are the prime factors of h(0)?
2, 3, 5
Let z(d) = d**2 - 3*d. Let b be z(4). Suppose 0 = -2*n - n - a + 24, 5*n + 3*a - 40 = 0. List the prime factors of 58/b - (-12)/n.
2
Let f(h) = h**2 - 2*h - 3. Let w be f(3). What are the prime factors of (-6)/(w + -3) - -7?
3
Let d = -36 + 175. What are the prime factors of d?
139
Suppose 51 = 3*l + 5*p, -l - p - 2*p + 21 = 0. Let j be (-2)/12 - (-26)/l. Suppose j*u = -2*u + 12. List the prime factors of u.
3
Suppose 4*m = -0*m + 388. List the prime factors of m.
97
Let l(h) = -4*h**2 - 7 - 7*h - h**3 + h**2 - 3*h**2 - h. List the prime factors of l(-5).
2
Let x = -20 - -18. What are the prime factors of (-4 + 4 - x) + 18?
2, 5
Let t = 22 - 32. What are the prime factors of 39*(t/(-6))/5?
13
Suppose 2*u - c = -2, c - 4 = -0*c. Let v(g) = u - g + 2*g - 2. What are the prime factors of v(4)?
3
Let k(p) = 75*p - 7. What are the prime factors of k(3)?
2, 109
Suppose 0 = 12*g - 9*g - 264. List the prime factors of g.
2, 11
Suppose -16 - 4 = -4*v. List the prime factors of v.
5
Let h(m) = -m**3 + 26*m**2 + m + 4. What are the prime factors of h(26)?
2, 3, 5
Let k be (-4)/28 + (-323)/(-7). Let d = -33 + k. What are the prime factors of d?
13
Let m(i) = i - 11. Let b be m(11). Suppose 3*c + 9 = -b. List the prime factors of (c/6)/((-3)/66).
11
Suppose 2*p = 12 + 4. List the prime factors of (28 - -1)*(-7 + p).
29
Suppose 5*a - 4*a = -228. List the prime factors of a/4*2/(-6).
19
Let z(b) = -2*b - 11. Let n be z(7). Suppose -4*i + 7*p - 3*p = 40, 2*p = 5*i + 41. Let j = i - n. What are the prime factors of j?
2, 3
Let y(l) = 9*l**3 - l + 1. Let p be y(1). Suppose 5*a - 31 = p. Let q = a + 3. What are the prime factors of q?
11
Suppose 0 = 4*n - 3*n - 4*k + 13, -3*n - 3*k = -36. Let i = n - 0. What are the prime factors of i?
7
Let n(y) = -y - 2. Let b(z) = -z - 1. Let o(j) = -12*b(j) + 4*n(j). What are the prime factors of o(4)?
2, 3
Let l(t) = 2*t**2 - 19*t + 30. What are the prime factors of l(12)?
2, 3, 5
Suppose 9 = 3*a - 3*t, -a + 3*t + 3 + 6 = 0. Suppose a = 3*d - 45 - 81. List the prime factors of d.
2, 3, 7
Let u = 12 + 14. Let a = u + 1. List the prime factors of a.
3
Suppose -4*a + 19 = 5*m - 9, -5*a - 2 = -3*m. Suppose 13 = b + 3*d - m*d, -b = 3*d - 5. What are the prime factors of b?
11
Suppose 0 = 5*n - 146 - 64. List the prime factors of (0 - n)*(-2)/2.
2, 3, 7
Let y be (0/1)/(-1 + 3). Suppose y*g + 15 = 3*g - n, 4*n + 12 = 0. List the prime factors of g.
2
Suppose -2*j = 3*c - 30, 0*c = -j + c + 20. List the prime factors of j.
2, 3
List the prime factors of 452/16*(7 - -1).
2, 113
Suppose 0 = -0*d - d + 2. Let q = -9 - -11. Suppose 4*r - 4*x = d*r + 20, q*r + x = 25. List the prime factors of r.
2, 3
Let k = -346 + 530. What are the prime factors of k?
2, 23
List the prime factors of (-2)/(-6) - ((-569)/3 - 1).
191
Suppose -32 = 3*w - 146. Suppose l = -2*j - 36, -4*j - 4*l - 42 - w = 0. Let r = j - -22. What are the prime factors of r?
2, 3
Let c(d) = 3*d**3 - 3*d**2 + 10*d - 3. List the prime factors of c(3).
3
Suppose 6*z + 20 = -4*r + 2*z, 0 = -4*r - z - 5. Let v be (r + 4/(-2))*-5. Let h = -5 + v. List the prime factors of h.
5
Let z(m) = -m**3 - 3*m**2 - 5*m + 11. What are the prime factors of z(-7)?
2, 11
Suppose -43 = -4*g + 5. What are the prime factors of (-3)/g + (-25)/(-4)?
2, 3
Let j = 96 - 68. List the prime factors of j.
2, 7
Suppose 0*a + 5*t + 9 = -4*a, -t = 3*a + 4. Let x(u) = -7*u + 2. What are the prime factors of x(a)?
3
Suppose 4*g - 122 = 3*p - 5*p, 0 = -4*g - 3*p + 121. Let j = g - 22. What are the prime factors of j?
3
Let m = 9 - 7. Suppose -m*l = l - 51. List the prime factors of l.
17
Suppose -5*m - 4*h + 45 = -0*m, 35 = 4*m + 3*h. Suppose 3*p - 74 - 28 = 0. Suppose p = m*q - 1. List the prime factors of q.
7
Let z be -2 + 0 + 2 + -6. List the prime factors of z/4*(0 + -6).
3
Suppose -4*c - 4 = -3*c. Let w be (-1)/4 + 3/(-4). List the prime factors of w/c - (-175)/20.
3
Let u(a) = -a**3 + 6*a**2 + 6*a + 6. Let x be u(6). Let i be 2/7 - (-198)/x. Suppose 0 = i*p - 0*p - 50. List the prime factors of p.
2, 5
Let b(h) = h**3 + h**2 - h. Let i(p) = 2*p**3 - 10*p**2 - 20*p - 15. Let g(y) = -3*b(y) + i(y). List the prime factors of g(-12).
3, 5
Let b(y) = 5*y**2 - 1. Let u be (1 - 3 - -3)*-1. What are the prime factors of b(u)?
2
Let j(b) = b**2 - 11*b + 9. Let d be j(9). Let i = d - -14. What are the prime factors of i?
5
Let l(x) = 3*x**2 - x - 2. Let y be l(2). Let a be (-1 + 0)*y - 2. Let m = -5 - a. What are the prime factors of m?
5
Let s = -15 - -2. Suppose -2*v - 3 = 65. Let w = s - v. What are the prime factors of w?
3, 7
Suppose 3*w = -w. Suppose 0 = h - w - 4. List the prime factors of h.
2
Suppose -s = 4*o - 2*s + 81, -5*s = 5*o + 120. Let h = 34 + o. What are the prime factors of h?
13
Let u(q) be the first derivative of q**3/3 - q**2 - q - 2. What are the prime factors of u(5)?
2, 7
Let p(m) = 8*m**2 - 13*m - m**3 + 23*m - 11 - 5*m. What are the prime factors of p(8)?
29
Let w(d) = -d + 3. Let l be w(0). Suppose l = 4*f - 5. Suppose -f = 2*s - 24. What are the prime factors of s?
11
Let l(r) = r**3 - 7*r**2 - 7*r - 10. Let y be l(8). Let g = 1 - y. Let i = g - 1. What are the prime factors of i?
2
Let t(g) = -2